 be 84/7 + -16 + 1*7. Let h(f) = -f**2 + 5*f - 2. Calculate h(c).
4
Let u(j) be the first derivative of j**6/360 - 7*j**5/120 + 3*j**4/8 - 3*j**3 - 8. Let x(h) be the third derivative of u(h). Determine x(6).
3
Let p(u) be the third derivative of -u**6/24 - u**3/6 - 3*u**2. Let v = -55 + 57. Let l(s) = 5*s**3 + s**2 + 1. Let c(w) = v*l(w) + 3*p(w). What is c(-1)?
6
Suppose -3*y - 2*v - 11 = 0, -6*y + 4*y - 3*v - 9 = 0. Let q(k) be the third derivative of k**4/8 - k**3/3 - k**2. Determine q(y).
-11
Let o(w) = w + 4*w**2 - 51 - 3*w**3 + 26 - 2*w**2 + 23. Determine o(-1).
2
Suppose 2*r - 6 = d - 6*d, 0 = -2*d + 2*r - 6. Let j(b) = -b - 65. Let m(p) = p + 91. Let x(a) = 4*j(a) + 3*m(a). What is x(d)?
13
Let u(r) be the second derivative of r**3/6 - 16*r**2 + 49*r + 1. Calculate u(12).
-20
Let m(f) = -30*f - 31. Let t(n) = -n + 1. Let z(d) = -12*d. Let o(w) = 6*t(w) - z(w). Let q(x) = -2*m(x) - 11*o(x). Give q(3).
-22
Suppose 8 = 5*l + 3*o, -2 = -3*l - l + 2*o. Let y(c) = -l + 4*c**2 + 6 - 1 - 5*c**2 + 2*c. Determine y(6).
-20
Let l be (4/5)/((-4)/(-10)). Let s(o) = -5*o**2 + l*o**3 + 4 + 2 - 3*o**3 + 7*o. Let m = 2366 - 2372. Calculate s(m).
0
Suppose -l - 1 = 1, 4*l = b - 19. Suppose -3*h - 4*x - 18 = 0, -h + x = -5*h - b. Let t be (-2 + h + 0)*1. Let f(p) = p**2 + 4*p - 4. Calculate f(t).
-4
Let t(z) = z**2 + z + 4. Let y = -6 + 4. Let i be -1 + ((-4)/1)/y. Let l be -2 - 2/(i + -2). Calculate t(l).
4
Let j = -774 - -768. Let u(o) = 3*o + 12. What is u(j)?
-6
Let d(w) = -w**3 - 6*w**2 - 2*w - 9. Let r be d(-6). Suppose 1 = -r*t - 2. Let m(b) = -2*b**2 - b. Determine m(t).
-1
Let s(j) = j**3 - 5*j**2 + j. Let x be s(3). Let r = x - -10. Let u = 9 + r. Let l(o) = -o**3 + 4*o**2 + o + 1. Give l(u).
5
Let c(k) be the third derivative of -6*k**2 + 1/6*k**3 + 1/20*k**5 + 0*k + 0 - 1/12*k**4. Give c(1).
2
Let o be 8/32 + 7/4. Let v(x) = 9*x + 8*x**2 - 13 - x**3 + o*x + x**2. Let h be v(10). Let a(b) = -2*b**2 - 4*b. What is a(h)?
-6
Let g be (-6)/(-30) + 102/(-10) + 2. Let r(v) = 2*v**2 + 17*v + 6. Let k be r(g). Let a(y) = 2*y**2 - y - 1. Calculate a(k).
9
Let m = -2 - 8. Let h(l) be the first derivative of l**2/2 + 4*l - 178. Let g be h(m). Let c(t) = t**3 + 6*t**2 + t + 4. Give c(g).
-2
Let z be (-5)/(((-12)/(-18))/(12/(-45))). Let j(x) = x**3 - x**2 - x. Calculate j(z).
2
Let j(c) = 7*c**2 - 2*c - 1. Let g be (-6)/15 - 4/(-10)*1. Suppose 7*w + 4 + 3 = g. Determine j(w).
8
Let p be (-1)/(-3) + 28/6. Let k(d) = -5*d - 6. Let g(o) = 6*o + 6. Let h(z) = p*k(z) + 4*g(z). Calculate h(-7).
1
Let q be (-4)/(-14) - 57/(-21). Suppose -a = -q*a - 20. Let p be a/45 - (-32)/(-18). Let o(v) = v**2 + 2*v + 3. What is o(p)?
3
Let j(r) be the second derivative of r**3/6 + 5*r**2/2 + 2*r - 12. Give j(-3).
2
Let t(w) = w**3 + 10*w**2 + w + 3. Let y(a) = a**2 - 20*a - 51. Let v be y(21). Let x be (72/(-54))/(26/v + 1). Determine t(x).
-7
Let p = 76 - 67. Let g(x) = -11 + 3*x**2 - p*x + 19 - 2*x**2. What is g(9)?
8
Let w(r) = -r**3 - 7*r**2 + 9*r + 4. Suppose -9 = 3*p, -2*g - 22*p + 19*p - 25 = 0. Calculate w(g).
-4
Let z(r) be the third derivative of -r**7/1260 - r**6/720 + r**5/120 - 7*r**4/24 - 8*r**2. Let b(d) be the second derivative of z(d). Determine b(-2).
-5
Let p(o) = 22 - 33 + 10 - 9*o. What is p(-2)?
17
Let v(d) = 7*d - 2. Let z be v(2). Suppose 0 = -3*r + z, -3*r + 36 = -4*a + r. Let q(c) be the second derivative of c**3/6 + 4*c**2 + 2*c. Calculate q(a).
3
Suppose 9 = -d + 4*d. Let b(t) = -t**2 + 5*t + 2*t**2 + 0 - 6*t - 3. Calculate b(d).
3
Suppose 0 = -3*b + 1517 - 1529. Let j(r) be the second derivative of -r**4/12 - r**3/2 - r**2/2 - r. Let l(s) be the first derivative of j(s). Determine l(b).
5
Let b(c) = 5*c. Let y(w) = 9*w. Let r(p) = p**2 - p + 4. Let a be r(2). Let q(l) = a*y(l) - 11*b(l). What is q(2)?
-2
Let k(j) = -j - 6. Let z(f) = 5*f + 60. Let h(l) = 30*k(l) + 3*z(l). Determine h(2).
-30
Let t(m) = -m**3 - 8*m**2 + 2*m - 5. Let x be t(-8). Let v be ((-12)/x)/(8/28). Suppose 0 = v*g - 7*g - 30. Let a(z) = -z**2 - 6*z + 3. Give a(g).
3
Let r(n) = -n**3 + 3*n**2 - 2*n + 3. Let l = 0 - 5. Let m = -23 - l. Let x be (-50)/m - 4/(-18). Determine r(x).
-3
Suppose -2*n - 17 = -3*y, -3*n + n = 2*y + 2. Let s(l) = 2*l**2 + 2 + 6*l**3 - 4 - 8*l**y. Determine s(2).
-10
Let v(n) = 4*n**2 + 13*n + 15. Let h be v(-1). Let m(i) be the third derivative of i**5/60 - i**4/4 + 5*i**3/6 - 2*i**2. What is m(h)?
5
Let n(q) = 50*q**2 - 2*q - 1 + 4*q - 49*q**2 + 5*q**3. Let x(h) = -14*h**3 - 3*h**2 - 5*h + 3. Let u(f) = -11*n(f) - 4*x(f). Determine u(-1).
1
Let b(s) = s**2 + s - 4. Suppose 2*o - 89 = -3*o + 3*t, 12 = -4*t. Suppose -l = 4*x + x - o, -x + 2*l + 1 = 0. Determine b(x).
8
Let f(r) = 0*r + r**3 + 2*r - 8 + 2*r**2 + r + 7. Calculate f(-3).
-19
Suppose 214*x + 1 = 215*x. Let o(w) = x - 1 + 303*w - 308*w. What is o(1)?
-5
Let j(c) be the second derivative of c**5/20 - 5*c**4/4 + 17*c**3/6 - 39*c**2/2 - 42*c. Let p be j(14). Let s(k) = k**3 - k**2 - 3*k. What is s(p)?
9
Let y(n) be the second derivative of -7*n**3/6 - 35*n**2/2 + 310*n. Calculate y(-6).
7
Let o = 132 + -139. Let h(f) = f + 2. Determine h(o).
-5
Let t = -1 - 9. Let c be (-1)/((-2)/t)*1. Let y(w) = -6*w - 2. Let z(n) = -3*n - 1. Let f(s) = 4*y(s) - 7*z(s). Determine f(c).
14
Let l(f) = 10*f**2 - 2*f - 3. Let a be l(-1). Let r(k) = 2 + 2*k + a - 1. Suppose -5*p = -5*g + 15, 20 + 32 = -4*p - 4*g. Calculate r(p).
-6
Let r(f) = -5*f**3 + 5*f**2 - 5*f + 14. Let w = 2 + 0. Let a(z) = w + 1 - 2 - z**3. Let k(d) = -6*a(d) + r(d). Determine k(-6).
2
Let n be 16 - (-1 - (0 - 1)). Let r = -17 + n. Let p(w) = 7*w**3 + 2*w + 1. Give p(r).
-8
Let t(f) be the second derivative of 2/3*f**3 + 1/20*f**5 - 3*f**2 - 15*f - 1/3*f**4 + 0. Calculate t(4).
10
Let d(k) = 5*k - 7. Let w be d(4). Let m(p) = w - 11 + 0*p + p. Determine m(-4).
-2
Let v = 23 + -21. Let x(f) = f + 0*f - 9*f - v + 2*f. Calculate x(-4).
22
Let w(x) be the second derivative of -x**4/12 + 2*x**3/3 - 5*x**2/2 + 6*x. Let c(r) = -r. Let f = 5 + -9. Let s(o) = f*c(o) - w(o). Determine s(0).
5
Let x(u) = 7*u - u + 11*u - 4 + 3 + 6. Calculate x(-2).
-29
Suppose -2*y + 12*t = 14*t - 14, 0 = -3*t + 6. Let u(v) be the third derivative of -v**6/120 + v**5/12 + v**4/6 - 2*v**3/3 + 3*v**2. Determine u(y).
16
Let s(u) = -3*u + 1. Let f(y) = -12*y - 9. Let t(z) = f(z) - 3*s(z). What is t(-9)?
15
Let d(r) = 125 + 124 + 2*r - 375 + 120. Determine d(5).
4
Suppose -5*k - 2*p = 58, 5*k - 6*p + 3*p = -38. Let x(s) = s + 4. What is x(k)?
-6
Suppose -2*l - 3*f - 2*f - 5 = 0, -4*l + 4*f + 4 = 0. Let n(q) = -9 + l + 0 + 5 - q. Give n(0).
-4
Let h be -16*(39/(-54) + (-8)/(-36)). Let d(l) = -l**3 + 8*l**2 - 6. Calculate d(h).
-6
Let u(r) = -7*r**2 + 19*r - 16. Let g(d) = 4*d**2 - 10*d + 7. Let k(s) = -5*g(s) - 3*u(s). What is k(6)?
7
Let b(h) = -5*h**2 - h - 5. Let j(k) be the first derivative of k + 4. Let i(m) = -b(m) - 5*j(m). Let t = 0 + 1. Determine i(t).
6
Suppose 5*n - 70 = -5*n. Suppose 3*p - 3*a + n*a = -26, -1 = 3*p - a. Let x(m) = m**2 + 3*m + 2. Give x(p).
0
Let l(q) = -q + 2. Let t(m) = 5*m - 7. Let u(w) = -9*l(w) - 2*t(w). Let g = 5 - 1. Suppose -r - n - 6 = 0, g*r = -4*n - n - 27. Determine u(r).
-1
Let x be 0/(3*-1) - -3. Let m(f) = 0*f - 1 + x*f - 5*f. Suppose 2*s + 3*s = -n - 14, -3*n - s - 14 = 0. What is m(n)?
7
Let y(n) = -n**2 + 6*n - 7. Let x be 6 - (0/5 - 3). Let i be ((-4)/x)/(-2) - (-676)/117. Determine y(i).
-7
Let z(h) = -h**3 - 4*h**2 - 3*h - 4. Let k(i) = i**2 + 3*i - 31. Let m be k(-7). Determine z(m).
-4
Let b(n) = -n**2 - 3*n + 4. Suppose -23 = -3*k + 2*k + 4*m, 2*m = k - 15. Suppose -4*h + 24 = -3*c - k*h, -4*c - 3*h - 28 = 0. Calculate b(c).
0
Let h(n) = 15*n**3 + 2*n**2 - 2*n + 1. Let s(u) = u - 1. Let b be s(3). Suppose -k = -t - b, -2*k + t + 7 = -4*t. Give h(k).
16
Let s(z) = z + 6. Let k(b) = 6*b - 12. Let v be k(7). Let n = v - 44. Let m be 7/n*(0 - 0). Calculate s(m).
6
Let p(w) = 71*w + 5. Let a be p(0). Let c(y) = -8*y + 2. Calculate c(a).
-38
Let a(m) = 4*m. Let u(t) = 6*t**2 - 2*t. Let v be u(2). Suppose 2*k + 4*f + 16 = -2*k, -5*k = -3*f - v. Determine a(k).
4
Suppose -m = 2*l + 1 + 10, 31 = -5*l + m. Let p(r) = 2*r**2 + 9*r + 1. Determine p(l).
19
Let u(w) = w**3 - 9*w**2 - 13*w - 6. Let p(s) = -5*s**2 - 69*s - 98. Let n